{"id":2206,"date":"2025-06-30T10:57:20","date_gmt":"2025-06-30T08:57:20","guid":{"rendered":"https:\/\/sozialwerk-brandenburg.de\/?page_id=2206"},"modified":"2025-07-07T12:56:59","modified_gmt":"2025-07-07T10:56:59","slug":"prora","status":"publish","type":"page","link":"https:\/\/sozialwerk-brandenburg.de\/index.php\/prora\/","title":{"rendered":"Prora"},"content":{"rendered":"\t\t<div data-elementor-type=\"wp-page\" data-elementor-id=\"2206\" class=\"elementor elementor-2206\">\n\t\t\t\t<div class=\"elementor-element elementor-element-25ac2f5 e-flex e-con-boxed e-con e-parent\" data-id=\"25ac2f5\" data-element_type=\"container\">\n\t\t\t\t\t<div class=\"e-con-inner\">\n\t\t\t\t<div class=\"elementor-element elementor-element-138aaa8 elementor-arrows-position-outside elementor-widget__width-auto elementor-widget elementor-widget-image-carousel\" data-id=\"138aaa8\" data-element_type=\"widget\" data-settings=\"{&quot;slides_to_show&quot;:&quot;3&quot;,&quot;navigation&quot;:&quot;arrows&quot;,&quot;autoplay&quot;:&quot;yes&quot;,&quot;pause_on_hover&quot;:&quot;yes&quot;,&quot;pause_on_interaction&quot;:&quot;yes&quot;,&quot;autoplay_speed&quot;:5000,&quot;infinite&quot;:&quot;yes&quot;,&quot;speed&quot;:500}\" data-widget_type=\"image-carousel.default\">\n\t\t\t\t<div class=\"elementor-widget-container\">\n\t\t\t\t\t\t\t<div class=\"elementor-image-carousel-wrapper swiper\" role=\"region\" aria-roledescription=\"carousel\" aria-label=\"Bild Karussell\" dir=\"ltr\">\n\t\t\t<div class=\"elementor-image-carousel swiper-wrapper\" aria-live=\"off\">\n\t\t\t\t\t\t\t\t<div class=\"swiper-slide\" role=\"group\" aria-roledescription=\"slide\" aria-label=\"1 von 6\"><a data-elementor-open-lightbox=\"yes\" data-elementor-lightbox-slideshow=\"138aaa8\" data-elementor-lightbox-title=\"Prora_MH\" data-e-action-hash=\"#elementor-action%3Aaction%3Dlightbox%26settings%3DeyJpZCI6NTgxLCJ1cmwiOiJodHRwczpcL1wvc296aWFsd2Vyay1icmFuZGVuYnVyZy5kZVwvd3AtY29udGVudFwvdXBsb2Fkc1wvMjAyMlwvMDRcL1Byb3JhX01ILTEuanBnIiwic2xpZGVzaG93IjoiMTM4YWFhOCJ9\" href=\"https:\/\/sozialwerk-brandenburg.de\/wp-content\/uploads\/2022\/04\/Prora_MH-1.jpg\"><figure class=\"swiper-slide-inner\"><img decoding=\"async\" class=\"swiper-slide-image\" src=\"https:\/\/sozialwerk-brandenburg.de\/wp-content\/uploads\/2022\/04\/Prora_MH-1-300x200.jpg\" alt=\"Mobilehome 1\" \/><\/figure><\/a><\/div><div class=\"swiper-slide\" role=\"group\" aria-roledescription=\"slide\" aria-label=\"2 von 6\"><a data-elementor-open-lightbox=\"yes\" data-elementor-lightbox-slideshow=\"138aaa8\" data-elementor-lightbox-title=\"Prora_MH (2)\" data-e-action-hash=\"#elementor-action%3Aaction%3Dlightbox%26settings%3DeyJpZCI6NTgwLCJ1cmwiOiJodHRwczpcL1wvc296aWFsd2Vyay1icmFuZGVuYnVyZy5kZVwvd3AtY29udGVudFwvdXBsb2Fkc1wvMjAyMlwvMDRcL1Byb3JhX01ILTItMS5qcGciLCJzbGlkZXNob3ciOiIxMzhhYWE4In0%3D\" href=\"https:\/\/sozialwerk-brandenburg.de\/wp-content\/uploads\/2022\/04\/Prora_MH-2-1.jpg\"><figure class=\"swiper-slide-inner\"><img decoding=\"async\" class=\"swiper-slide-image\" src=\"https:\/\/sozialwerk-brandenburg.de\/wp-content\/uploads\/2022\/04\/Prora_MH-2-1-300x200.jpg\" alt=\"Innenraum 1\" \/><\/figure><\/a><\/div><div class=\"swiper-slide\" role=\"group\" aria-roledescription=\"slide\" aria-label=\"3 von 6\"><a data-elementor-open-lightbox=\"yes\" data-elementor-lightbox-slideshow=\"138aaa8\" data-elementor-lightbox-title=\"mobilheim_front.jpg..498375\" data-e-action-hash=\"#elementor-action%3Aaction%3Dlightbox%26settings%3DeyJpZCI6NDc0LCJ1cmwiOiJodHRwczpcL1wvc296aWFsd2Vyay1icmFuZGVuYnVyZy5kZVwvd3AtY29udGVudFwvdXBsb2Fkc1wvMjAyMlwvMDRcL21vYmlsaGVpbV9mcm9udC0xLmpwZy40OTgzNzUtMS5qcGciLCJzbGlkZXNob3ciOiIxMzhhYWE4In0%3D\" href=\"https:\/\/sozialwerk-brandenburg.de\/wp-content\/uploads\/2022\/04\/mobilheim_front-1.jpg.498375-1.jpg\"><figure class=\"swiper-slide-inner\"><img decoding=\"async\" class=\"swiper-slide-image\" src=\"https:\/\/sozialwerk-brandenburg.de\/wp-content\/uploads\/2022\/04\/mobilheim_front-1.jpg.498375-1.jpg\" alt=\"Mobilheim 1\" \/><\/figure><\/a><\/div><div class=\"swiper-slide\" role=\"group\" aria-roledescription=\"slide\" aria-label=\"4 von 6\"><a data-elementor-open-lightbox=\"yes\" data-elementor-lightbox-slideshow=\"138aaa8\" data-elementor-lightbox-title=\"MH_5\" data-e-action-hash=\"#elementor-action%3Aaction%3Dlightbox%26settings%3DeyJpZCI6NTc1LCJ1cmwiOiJodHRwczpcL1wvc296aWFsd2Vyay1icmFuZGVuYnVyZy5kZVwvd3AtY29udGVudFwvdXBsb2Fkc1wvMjAyMlwvMDRcL01IXzUtMS5qcGciLCJzbGlkZXNob3ciOiIxMzhhYWE4In0%3D\" href=\"https:\/\/sozialwerk-brandenburg.de\/wp-content\/uploads\/2022\/04\/MH_5-1.jpg\"><figure class=\"swiper-slide-inner\"><img decoding=\"async\" class=\"swiper-slide-image\" src=\"https:\/\/sozialwerk-brandenburg.de\/wp-content\/uploads\/2022\/04\/MH_5-1-300x195.jpg\" alt=\"Grundri\u00df 1\" \/><\/figure><\/a><\/div><div class=\"swiper-slide\" role=\"group\" aria-roledescription=\"slide\" aria-label=\"5 von 6\"><a data-elementor-open-lightbox=\"yes\" data-elementor-lightbox-slideshow=\"138aaa8\" data-elementor-lightbox-title=\"Mobilheim Prora\" data-e-action-hash=\"#elementor-action%3Aaction%3Dlightbox%26settings%3DeyJpZCI6NTc5LCJ1cmwiOiJodHRwczpcL1wvc296aWFsd2Vyay1icmFuZGVuYnVyZy5kZVwvd3AtY29udGVudFwvdXBsb2Fkc1wvMjAyMlwvMDRcL01vYmlsaGVpbS1Qcm9yYS0xLmpwZyIsInNsaWRlc2hvdyI6IjEzOGFhYTgifQ%3D%3D\" href=\"https:\/\/sozialwerk-brandenburg.de\/wp-content\/uploads\/2022\/04\/Mobilheim-Prora-1.jpg\"><figure class=\"swiper-slide-inner\"><img decoding=\"async\" class=\"swiper-slide-image\" src=\"https:\/\/sozialwerk-brandenburg.de\/wp-content\/uploads\/2022\/04\/Mobilheim-Prora-1-300x201.jpg\" alt=\"Mobilhome 2\" \/><\/figure><\/a><\/div><div class=\"swiper-slide\" role=\"group\" aria-roledescription=\"slide\" aria-label=\"6 von 6\"><a data-elementor-open-lightbox=\"yes\" data-elementor-lightbox-slideshow=\"138aaa8\" data-elementor-lightbox-title=\"MH_4\" data-e-action-hash=\"#elementor-action%3Aaction%3Dlightbox%26settings%3DeyJpZCI6NTc0LCJ1cmwiOiJodHRwczpcL1wvc296aWFsd2Vyay1icmFuZGVuYnVyZy5kZVwvd3AtY29udGVudFwvdXBsb2Fkc1wvMjAyMlwvMDRcL01IXzQtMS5qcGciLCJzbGlkZXNob3ciOiIxMzhhYWE4In0%3D\" href=\"https:\/\/sozialwerk-brandenburg.de\/wp-content\/uploads\/2022\/04\/MH_4-1.jpg\"><figure class=\"swiper-slide-inner\"><img decoding=\"async\" class=\"swiper-slide-image\" src=\"https:\/\/sozialwerk-brandenburg.de\/wp-content\/uploads\/2022\/04\/MH_4-1-300x201.jpg\" alt=\"Grundri\u00df 2\" \/><\/figure><\/a><\/div>\t\t\t<\/div>\n\t\t\t\t\t\t\t\t\t\t\t\t<div class=\"elementor-swiper-button elementor-swiper-button-prev\" role=\"button\" tabindex=\"0\">\n\t\t\t\t\t\t<svg aria-hidden=\"true\" class=\"e-font-icon-svg e-eicon-chevron-left\" viewBox=\"0 0 1000 1000\" xmlns=\"http:\/\/www.w3.org\/2000\/svg\"><path d=\"M646 125C629 125 613 133 604 142L308 442C296 454 292 471 292 487 292 504 296 521 308 533L604 854C617 867 629 875 646 875 663 875 679 871 692 858 704 846 713 829 713 812 713 796 708 779 692 767L438 487 692 225C700 217 708 204 708 187 708 171 704 154 692 142 675 129 663 125 646 125Z\"><\/path><\/svg>\t\t\t\t\t<\/div>\n\t\t\t\t\t<div class=\"elementor-swiper-button elementor-swiper-button-next\" role=\"button\" tabindex=\"0\">\n\t\t\t\t\t\t<svg aria-hidden=\"true\" class=\"e-font-icon-svg e-eicon-chevron-right\" viewBox=\"0 0 1000 1000\" xmlns=\"http:\/\/www.w3.org\/2000\/svg\"><path d=\"M696 533C708 521 713 504 713 487 713 471 708 454 696 446L400 146C388 133 375 125 354 125 338 125 325 129 313 142 300 154 292 171 292 187 292 204 296 221 308 233L563 492 304 771C292 783 288 800 288 817 288 833 296 850 308 863 321 871 338 875 354 875 371 875 388 867 400 854L696 533Z\"><\/path><\/svg>\t\t\t\t\t<\/div>\n\t\t\t\t\n\t\t\t\t\t\t\t\t\t<\/div>\n\t\t\t\t\t\t<\/div>\n\t\t\t\t<\/div>\n\t\t\t\t\t<\/div>\n\t\t\t\t<\/div>\n\t\t<div class=\"elementor-element elementor-element-267202e e-flex e-con-boxed e-con e-parent\" data-id=\"267202e\" data-element_type=\"container\">\n\t\t\t\t\t<div class=\"e-con-inner\">\n\t\t\t\t<div class=\"elementor-element elementor-element-bfcded2 elementor-widget elementor-widget-text-editor\" data-id=\"bfcded2\" data-element_type=\"widget\" data-widget_type=\"text-editor.default\">\n\t\t\t\t<div class=\"elementor-widget-container\">\n\t\t\t\t\t\t\t\t\t<p>Mobilheime &#8222;Campingpark R\u00fcgen&#8220; in Prora &#8211; Ostsee<\/p><p>Ort:<br \/>R\u00fcgen ist die gr\u00f6\u00dfte und vielleicht sch\u00f6nste Ostseeinsel Deutschlands. Der Ortsteil Prora befindet sich auf der weitl\u00e4ufigen Meeresbucht Prorer Wiek und verbindet die beiden Orte Sassnitz und Binz durch seinen wundersch\u00f6nen wei\u00dfen Sandstrand. Prora ist besonders gepr\u00e4gt durch den \u201eKdF\u201c-Bau. Der sogenannte Koloss von Prora war ein zwischen 1935 und 1939 geplantes und zum Teil errichtetes und bis heute denkmalgesch\u00fctztes Seebad der nationalsozialistischen Organisation \u201eKraft durch Freude\u201c.<\/p><p>Lage:<br \/>Der im Wald gelegene und sehr gepflegte \u201eCampingpark R\u00fcgen\u201c des Bundeswehr-Sozialwerkes e.V. grenzt direkt an den Ostseestrand und die Binzer Strandpromenade. Unmittelbar neben dem Eingang zum Campingpark befindet sich der \u201eKdF\u201c-Bau.<\/p><p>Objektbeschreibung:<br \/>Das Objekt ist komplett umz\u00e4unt. \u00dcber einen Magnet-Chip, den Sie an der Rezeption bei Anreise erhalten, k\u00f6nnen Sie die elektronisch gesicherten Zugangstore zum Strand frei nutzen. Auf dem Gel\u00e4nde befindet sich eine Gastst\u00e4tte mit Kiosk. Es warten vier Mobilheime auf Ihren Besuch. Bis zum Ostseestrand sind es nur wenige Schritte \u00fcber die Promenade. Unsere kleinen Camper k\u00f6nnen sich auf dem Spielplatz nach Lust und Laune austoben.<\/p><p>Ausstattung:<br \/>Die Mobilheime bieten Platz f\u00fcr maximal vier bzw. f\u00fcnf Personen und sind sehr komfortabel ausgestattet. Sie verf\u00fcgen \u00fcber zwei bzw. drei Schlafr\u00e4ume, einen Wohnbereich mit Sitzecke sowie eine komplett eingerichtete K\u00fcchenzeile, Dusche, WC und SAT-TV. Alle R\u00e4ume sind beheizbar. Eine sch\u00f6ne Terrasse mit Campingm\u00f6beln l\u00e4dt zum relaxen ein. Unter \u201eDownloads\u201c finden Sie Grundrisse der Mobilheime.<\/p><p>Sonstiges:<br \/>In Prora wird Kurtaxe erhoben. Diese entrichten Sie bitte bei Ihrer Anreise an der Rezeption. In den Mobilheimen ist das Rauchen sowie das Mitbringen von Haustieren nicht gestattet.<\/p><p>Kurtaxe: Abgabe laut Kurordnung.<\/p><p>Mitzubringen sind:<\/p><p>Bettw\u00e4sche (Elternbett 1,40 m, Kinderbetten 0,80 m)<br \/>Tischw\u00e4sche<br \/>Hand,- Bade,- und Geschirrtu\u0308cher<br \/>Toilettenpapier,<br \/>Sp\u00fclmittel<br \/>M\u00fcllbeutel<br \/>Wischlappen<br \/>\u00d6ffnungszeiten und Preise:<br \/>Mindest\u00fcbernachtungen: 3 N\u00e4chte!<\/p>\t\t\t\t\t\t\t\t<\/div>\n\t\t\t\t<\/div>\n\t\t\t\t\t<\/div>\n\t\t\t\t<\/div>\n\t\t<div class=\"elementor-element elementor-element-c6cdec2 e-flex e-con-boxed e-con e-parent\" data-id=\"c6cdec2\" data-element_type=\"container\">\n\t\t\t\t\t<div class=\"e-con-inner\">\n\t\t\t\t<div class=\"elementor-element elementor-element-fa021d6 elementor-widget elementor-widget-image\" data-id=\"fa021d6\" data-element_type=\"widget\" data-widget_type=\"image.default\">\n\t\t\t\t<div class=\"elementor-widget-container\">\n\t\t\t\t\t\t\t\t\t\t\t\t\t\t\t<img fetchpriority=\"high\" decoding=\"async\" width=\"614\" height=\"356\" src=\"https:\/\/sozialwerk-brandenburg.de\/wp-content\/uploads\/2025\/06\/2025_Preise_Prora.jpg\" class=\"attachment-large size-large wp-image-888\" alt=\"\" srcset=\"https:\/\/sozialwerk-brandenburg.de\/wp-content\/uploads\/2025\/06\/2025_Preise_Prora.jpg 614w, https:\/\/sozialwerk-brandenburg.de\/wp-content\/uploads\/2025\/06\/2025_Preise_Prora-300x174.jpg 300w\" sizes=\"(max-width: 614px) 100vw, 614px\" \/>\t\t\t\t\t\t\t\t\t\t\t\t\t\t\t<\/div>\n\t\t\t\t<\/div>\n\t\t\t\t\t<\/div>\n\t\t\t\t<\/div>\n\t\t\t\t<\/div>\n\t\t","protected":false},"excerpt":{"rendered":"<p>Mobilheime &#8222;Campingpark R\u00fcgen&#8220; in Prora &#8211; Ostsee Ort:R\u00fcgen ist die gr\u00f6\u00dfte und vielleicht sch\u00f6nste Ostseeinsel Deutschlands. Der Ortsteil Prora befindet sich auf der weitl\u00e4ufigen Meeresbucht Prorer Wiek und verbindet die beiden Orte Sassnitz und Binz durch seinen wundersch\u00f6nen wei\u00dfen Sandstrand. Prora ist besonders gepr\u00e4gt durch den \u201eKdF\u201c-Bau. Der sogenannte Koloss von Prora war ein zwischen [&hellip;]<\/p>\n","protected":false},"author":1,"featured_media":0,"parent":0,"menu_order":1,"comment_status":"closed","ping_status":"closed","template":"elementor_header_footer","meta":{"ocean_post_layout":"","ocean_both_sidebars_style":"","ocean_both_sidebars_content_width":0,"ocean_both_sidebars_sidebars_width":0,"ocean_sidebar":"","ocean_second_sidebar":"","ocean_disable_margins":"enable","ocean_add_body_class":"","ocean_shortcode_before_top_bar":"","ocean_shortcode_after_top_bar":"","ocean_shortcode_before_header":"","ocean_shortcode_after_header":"","ocean_has_shortcode":"","ocean_shortcode_after_title":"","ocean_shortcode_before_footer_widgets":"","ocean_shortcode_after_footer_widgets":"","ocean_shortcode_before_footer_bottom":"","ocean_shortcode_after_footer_bottom":"","ocean_display_top_bar":"default","ocean_display_header":"default","ocean_header_style":"","ocean_center_header_left_menu":"","ocean_custom_header_template":"","ocean_custom_logo":0,"ocean_custom_retina_logo":0,"ocean_custom_logo_max_width":0,"ocean_custom_logo_tablet_max_width":0,"ocean_custom_logo_mobile_max_width":0,"ocean_custom_logo_max_height":0,"ocean_custom_logo_tablet_max_height":0,"ocean_custom_logo_mobile_max_height":0,"ocean_header_custom_menu":"","ocean_menu_typo_font_family":"","ocean_menu_typo_font_subset":"","ocean_menu_typo_font_size":0,"ocean_menu_typo_font_size_tablet":0,"ocean_menu_typo_font_size_mobile":0,"ocean_menu_typo_font_size_unit":"px","ocean_menu_typo_font_weight":"","ocean_menu_typo_font_weight_tablet":"","ocean_menu_typo_font_weight_mobile":"","ocean_menu_typo_transform":"","ocean_menu_typo_transform_tablet":"","ocean_menu_typo_transform_mobile":"","ocean_menu_typo_line_height":0,"ocean_menu_typo_line_height_tablet":0,"ocean_menu_typo_line_height_mobile":0,"ocean_menu_typo_line_height_unit":"","ocean_menu_typo_spacing":0,"ocean_menu_typo_spacing_tablet":0,"ocean_menu_typo_spacing_mobile":0,"ocean_menu_typo_spacing_unit":"","ocean_menu_link_color":"","ocean_menu_link_color_hover":"","ocean_menu_link_color_active":"","ocean_menu_link_background":"","ocean_menu_link_hover_background":"","ocean_menu_link_active_background":"","ocean_menu_social_links_bg":"","ocean_menu_social_hover_links_bg":"","ocean_menu_social_links_color":"","ocean_menu_social_hover_links_color":"","ocean_disable_title":"default","ocean_disable_heading":"default","ocean_post_title":"","ocean_post_subheading":"","ocean_post_title_style":"","ocean_post_title_background_color":"","ocean_post_title_background":0,"ocean_post_title_bg_image_position":"","ocean_post_title_bg_image_attachment":"","ocean_post_title_bg_image_repeat":"","ocean_post_title_bg_image_size":"","ocean_post_title_height":0,"ocean_post_title_bg_overlay":0.5,"ocean_post_title_bg_overlay_color":"","ocean_disable_breadcrumbs":"default","ocean_breadcrumbs_color":"","ocean_breadcrumbs_separator_color":"","ocean_breadcrumbs_links_color":"","ocean_breadcrumbs_links_hover_color":"","ocean_display_footer_widgets":"default","ocean_display_footer_bottom":"default","ocean_custom_footer_template":"","omw_enable_modal_window":"enable","footnotes":""},"class_list":["post-2206","page","type-page","status-publish","hentry","entry"],"_links":{"self":[{"href":"https:\/\/sozialwerk-brandenburg.de\/index.php\/wp-json\/wp\/v2\/pages\/2206","targetHints":{"allow":["GET"]}}],"collection":[{"href":"https:\/\/sozialwerk-brandenburg.de\/index.php\/wp-json\/wp\/v2\/pages"}],"about":[{"href":"https:\/\/sozialwerk-brandenburg.de\/index.php\/wp-json\/wp\/v2\/types\/page"}],"author":[{"embeddable":true,"href":"https:\/\/sozialwerk-brandenburg.de\/index.php\/wp-json\/wp\/v2\/users\/1"}],"replies":[{"embeddable":true,"href":"https:\/\/sozialwerk-brandenburg.de\/index.php\/wp-json\/wp\/v2\/comments?post=2206"}],"version-history":[{"count":37,"href":"https:\/\/sozialwerk-brandenburg.de\/index.php\/wp-json\/wp\/v2\/pages\/2206\/revisions"}],"predecessor-version":[{"id":2643,"href":"https:\/\/sozialwerk-brandenburg.de\/index.php\/wp-json\/wp\/v2\/pages\/2206\/revisions\/2643"}],"wp:attachment":[{"href":"https:\/\/sozialwerk-brandenburg.de\/index.php\/wp-json\/wp\/v2\/media?parent=2206"}],"curies":[{"name":"wp","href":"https:\/\/api.w.org\/{rel}","templated":true}]}}