{"id":294,"date":"2016-11-03T16:50:09","date_gmt":"2016-11-03T16:50:09","guid":{"rendered":"http:\/\/lawyer2.mythemecloud.io\/?page_id=294"},"modified":"2025-07-07T13:05:12","modified_gmt":"2025-07-07T11:05:12","slug":"practice-areas","status":"publish","type":"page","link":"https:\/\/sozialwerk-brandenburg.de\/index.php\/practice-areas\/","title":{"rendered":"Erholungsobjekte"},"content":{"rendered":"\t\t<div data-elementor-type=\"wp-post\" data-elementor-id=\"294\" class=\"elementor elementor-294\">\n\t\t\t\t\t\t<section class=\"elementor-section elementor-top-section elementor-element elementor-element-835f668 elementor-section-boxed elementor-section-height-default elementor-section-height-default\" data-id=\"835f668\" data-element_type=\"section\" data-settings=\"{&quot;background_background&quot;:&quot;classic&quot;}\">\n\t\t\t\t\t\t<div class=\"elementor-container elementor-column-gap-default\">\n\t\t\t\t\t<div class=\"elementor-column elementor-col-33 elementor-top-column elementor-element elementor-element-cb25f7b\" data-id=\"cb25f7b\" data-element_type=\"column\">\n\t\t\t<div class=\"elementor-widget-wrap elementor-element-populated\">\n\t\t\t\t\t\t<div class=\"elementor-element elementor-element-67dd025 elementor-position-top elementor-widget elementor-widget-image-box\" data-id=\"67dd025\" data-element_type=\"widget\" data-widget_type=\"image-box.default\">\n\t\t\t\t<div class=\"elementor-widget-container\">\n\t\t\t\t\t<div class=\"elementor-image-box-wrapper\"><figure class=\"elementor-image-box-img\"><a href=\"https:\/\/sozialwerk-brandenburg.de\/index.php\/elementor-seite-2208\/\" tabindex=\"-1\"><img fetchpriority=\"high\" decoding=\"async\" width=\"456\" height=\"304\" src=\"https:\/\/sozialwerk-brandenburg.de\/wp-content\/uploads\/2022\/04\/BB_Z_Inselhof1.809275-1.jpg.809285-1.jpg\" class=\"attachment-full size-full wp-image-363\" alt=\"\" srcset=\"https:\/\/sozialwerk-brandenburg.de\/wp-content\/uploads\/2022\/04\/BB_Z_Inselhof1.809275-1.jpg.809285-1.jpg 456w, https:\/\/sozialwerk-brandenburg.de\/wp-content\/uploads\/2022\/04\/BB_Z_Inselhof1.809275-1.jpg.809285-1-300x200.jpg 300w\" sizes=\"(max-width: 456px) 100vw, 456px\" \/><\/a><\/figure><div class=\"elementor-image-box-content\"><h3 class=\"elementor-image-box-title\"><a href=\"https:\/\/sozialwerk-brandenburg.de\/index.php\/elementor-seite-2208\/\">\"Inselhof\" Zempin Usedom<\/a><\/h3><p class=\"elementor-image-box-description\">Unser Ferienobjekt in Zempin verf\u00fcgt \u00fcber zwei H\u00e4user mit 20 Appartments von 2 bis 5 Betten und eine Ferienwohnung f\u00fcr 2 Personen.  Kostenfreie Parkpl\u00e4tze sind auf dem Feriengel\u00e4nde verf\u00fcgbar.<i><\/i><\/p><\/div><\/div>\t\t\t\t<\/div>\n\t\t\t\t<\/div>\n\t\t\t\t\t<\/div>\n\t\t<\/div>\n\t\t\t\t<div class=\"elementor-column elementor-col-33 elementor-top-column elementor-element elementor-element-ffc432a\" data-id=\"ffc432a\" data-element_type=\"column\">\n\t\t\t<div class=\"elementor-widget-wrap elementor-element-populated\">\n\t\t\t\t\t\t<div class=\"elementor-element elementor-element-bf5d6e4 elementor-position-top elementor-widget elementor-widget-image-box\" data-id=\"bf5d6e4\" data-element_type=\"widget\" data-widget_type=\"image-box.default\">\n\t\t\t\t<div class=\"elementor-widget-container\">\n\t\t\t\t\t<div class=\"elementor-image-box-wrapper\"><figure class=\"elementor-image-box-img\"><a href=\"http:\/\/elementor-seite-2208\" tabindex=\"-1\"><img decoding=\"async\" width=\"692\" height=\"461\" src=\"https:\/\/sozialwerk-brandenburg.de\/wp-content\/uploads\/2022\/04\/CIMG8541-1.jpg\" class=\"attachment-full size-full wp-image-570\" alt=\"Frontalansicht Mobilheim in Prora\" srcset=\"https:\/\/sozialwerk-brandenburg.de\/wp-content\/uploads\/2022\/04\/CIMG8541-1.jpg 692w, https:\/\/sozialwerk-brandenburg.de\/wp-content\/uploads\/2022\/04\/CIMG8541-1-300x200.jpg 300w\" sizes=\"(max-width: 692px) 100vw, 692px\" \/><\/a><\/figure><div class=\"elementor-image-box-content\"><h3 class=\"elementor-image-box-title\"><a href=\"http:\/\/elementor-seite-2208\">Mobilheime Prora R\u00fcgen<\/a><\/h3><p class=\"elementor-image-box-description\">Unsere zwei Mobilheime stehen auf einem Campingplatz direkt am Strand der Ostsee in einem Waldgebiet an der Proraer Wiek, einer der sch\u00f6nsten Str\u00e4nde auf R\u00fcgen. <\/p><\/div><\/div>\t\t\t\t<\/div>\n\t\t\t\t<\/div>\n\t\t\t\t\t<\/div>\n\t\t<\/div>\n\t\t\t\t<div class=\"elementor-column elementor-col-33 elementor-top-column elementor-element elementor-element-4307b00\" data-id=\"4307b00\" data-element_type=\"column\">\n\t\t\t<div class=\"elementor-widget-wrap elementor-element-populated\">\n\t\t\t\t\t\t<div class=\"elementor-element elementor-element-469c557 elementor-position-top elementor-widget elementor-widget-image-box\" data-id=\"469c557\" data-element_type=\"widget\" data-widget_type=\"image-box.default\">\n\t\t\t\t<div class=\"elementor-widget-container\">\n\t\t\t\t\t<div class=\"elementor-image-box-wrapper\"><figure class=\"elementor-image-box-img\"><a href=\"https:\/\/sozialwerk-brandenburg.de\/index.php\/kooperationen\/\" tabindex=\"-1\"><img decoding=\"async\" width=\"649\" height=\"295\" src=\"https:\/\/sozialwerk-brandenburg.de\/wp-content\/uploads\/2022\/04\/Logo-Internet.JPG.774949-1.jpg\" class=\"attachment-large size-large wp-image-418\" alt=\"\" srcset=\"https:\/\/sozialwerk-brandenburg.de\/wp-content\/uploads\/2022\/04\/Logo-Internet.JPG.774949-1.jpg 649w, https:\/\/sozialwerk-brandenburg.de\/wp-content\/uploads\/2022\/04\/Logo-Internet.JPG.774949-1-300x136.jpg 300w\" sizes=\"(max-width: 649px) 100vw, 649px\" \/><\/a><\/figure><div class=\"elementor-image-box-content\"><h3 class=\"elementor-image-box-title\"><a href=\"https:\/\/sozialwerk-brandenburg.de\/index.php\/kooperationen\/\"><br>Kooperationen<\/a><\/h3><p class=\"elementor-image-box-description\">Unser Sozialwerk kooperiert mit weiteren Sozialwerken in Deutschland und unsere Mitglieder k\u00f6nnen bei unseren Partnerwerken Ihren In- oder ausl\u00e4ndischen Urlaub planen. <\/p><\/div><\/div>\t\t\t\t<\/div>\n\t\t\t\t<\/div>\n\t\t\t\t\t<\/div>\n\t\t<\/div>\n\t\t\t\t\t<\/div>\n\t\t<\/section>\n\t\t\t\t<\/div>\n\t\t","protected":false},"excerpt":{"rendered":"<p>&#8222;Inselhof&#8220; Zempin Usedom Unser Ferienobjekt in Zempin verf\u00fcgt \u00fcber zwei H\u00e4user mit 20 Appartments von 2 bis 5 Betten und eine Ferienwohnung f\u00fcr 2 Personen. Kostenfreie Parkpl\u00e4tze sind auf dem Feriengel\u00e4nde verf\u00fcgbar. Mobilheime Prora R\u00fcgen Unsere zwei Mobilheime stehen auf einem Campingplatz direkt am Strand der Ostsee in einem Waldgebiet an der Proraer Wiek, einer [&hellip;]<\/p>\n","protected":false},"author":1,"featured_media":0,"parent":0,"menu_order":0,"comment_status":"closed","ping_status":"closed","template":"","meta":{"ocean_post_layout":"full-screen","ocean_both_sidebars_style":"","ocean_both_sidebars_content_width":0,"ocean_both_sidebars_sidebars_width":0,"ocean_sidebar":"0","ocean_second_sidebar":"0","ocean_disable_margins":"enable","ocean_add_body_class":"","ocean_shortcode_before_top_bar":"","ocean_shortcode_after_top_bar":"","ocean_shortcode_before_header":"","ocean_shortcode_after_header":"","ocean_has_shortcode":"","ocean_shortcode_after_title":"","ocean_shortcode_before_footer_widgets":"","ocean_shortcode_after_footer_widgets":"","ocean_shortcode_before_footer_bottom":"","ocean_shortcode_after_footer_bottom":"","ocean_display_top_bar":"default","ocean_display_header":"default","ocean_header_style":"","ocean_center_header_left_menu":"0","ocean_custom_header_template":"0","ocean_custom_logo":0,"ocean_custom_retina_logo":0,"ocean_custom_logo_max_width":0,"ocean_custom_logo_tablet_max_width":0,"ocean_custom_logo_mobile_max_width":0,"ocean_custom_logo_max_height":0,"ocean_custom_logo_tablet_max_height":0,"ocean_custom_logo_mobile_max_height":0,"ocean_header_custom_menu":"0","ocean_menu_typo_font_family":"0","ocean_menu_typo_font_subset":"","ocean_menu_typo_font_size":0,"ocean_menu_typo_font_size_tablet":0,"ocean_menu_typo_font_size_mobile":0,"ocean_menu_typo_font_size_unit":"px","ocean_menu_typo_font_weight":"","ocean_menu_typo_font_weight_tablet":"","ocean_menu_typo_font_weight_mobile":"","ocean_menu_typo_transform":"","ocean_menu_typo_transform_tablet":"","ocean_menu_typo_transform_mobile":"","ocean_menu_typo_line_height":0,"ocean_menu_typo_line_height_tablet":0,"ocean_menu_typo_line_height_mobile":0,"ocean_menu_typo_line_height_unit":"","ocean_menu_typo_spacing":0,"ocean_menu_typo_spacing_tablet":0,"ocean_menu_typo_spacing_mobile":0,"ocean_menu_typo_spacing_unit":"","ocean_menu_link_color":"","ocean_menu_link_color_hover":"","ocean_menu_link_color_active":"","ocean_menu_link_background":"","ocean_menu_link_hover_background":"","ocean_menu_link_active_background":"","ocean_menu_social_links_bg":"","ocean_menu_social_hover_links_bg":"","ocean_menu_social_links_color":"","ocean_menu_social_hover_links_color":"","ocean_disable_title":"default","ocean_disable_heading":"default","ocean_post_title":"","ocean_post_subheading":"","ocean_post_title_style":"","ocean_post_title_background_color":"","ocean_post_title_background":0,"ocean_post_title_bg_image_position":"","ocean_post_title_bg_image_attachment":"","ocean_post_title_bg_image_repeat":"","ocean_post_title_bg_image_size":"","ocean_post_title_height":0,"ocean_post_title_bg_overlay":0.5,"ocean_post_title_bg_overlay_color":"","ocean_disable_breadcrumbs":"default","ocean_breadcrumbs_color":"","ocean_breadcrumbs_separator_color":"","ocean_breadcrumbs_links_color":"","ocean_breadcrumbs_links_hover_color":"","ocean_display_footer_widgets":"default","ocean_display_footer_bottom":"default","ocean_custom_footer_template":"0","omw_enable_modal_window":"enable","footnotes":""},"class_list":["post-294","page","type-page","status-publish","hentry","entry"],"_links":{"self":[{"href":"https:\/\/sozialwerk-brandenburg.de\/index.php\/wp-json\/wp\/v2\/pages\/294","targetHints":{"allow":["GET"]}}],"collection":[{"href":"https:\/\/sozialwerk-brandenburg.de\/index.php\/wp-json\/wp\/v2\/pages"}],"about":[{"href":"https:\/\/sozialwerk-brandenburg.de\/index.php\/wp-json\/wp\/v2\/types\/page"}],"author":[{"embeddable":true,"href":"https:\/\/sozialwerk-brandenburg.de\/index.php\/wp-json\/wp\/v2\/users\/1"}],"replies":[{"embeddable":true,"href":"https:\/\/sozialwerk-brandenburg.de\/index.php\/wp-json\/wp\/v2\/comments?post=294"}],"version-history":[{"count":12,"href":"https:\/\/sozialwerk-brandenburg.de\/index.php\/wp-json\/wp\/v2\/pages\/294\/revisions"}],"predecessor-version":[{"id":2651,"href":"https:\/\/sozialwerk-brandenburg.de\/index.php\/wp-json\/wp\/v2\/pages\/294\/revisions\/2651"}],"wp:attachment":[{"href":"https:\/\/sozialwerk-brandenburg.de\/index.php\/wp-json\/wp\/v2\/media?parent=294"}],"curies":[{"name":"wp","href":"https:\/\/api.w.org\/{rel}","templated":true}]}}